(-46)/24)) is divided by 7?
4
What is the remainder when 66 is divided by -1 + 4 + (7 - -14)?
18
Suppose 3*g + 0*i + 4*i - 35 = 0, -2*g = -5*i - 31. What is the remainder when 88 is divided by g?
10
Let y(d) = d + 2. Let r be y(-5). What is the remainder when 60/8*(-10)/r is divided by 7?
4
Let l be 0 - (1 - 12/3). Suppose -27 = -4*p + 5*o, 4*p + 0*o = l*o + 21. Let t = -21 + 31. Calculate the remainder when t is divided by p.
1
Suppose -2*l - 5*v - 5 = -7*l, -l + 3*v - 9 = 0. Let r = 13 + -22. Calculate the remainder when (-3)/r - (-112)/l is divided by 10.
9
Let o = 6 + -3. Suppose -u - 22 = -2*u - 3*k, o*u - k = 116. Let b = 28 + -9. Calculate the remainder when u is divided by b.
18
Suppose 2*n - 6 = -0*n. Suppose y + 4*c = -n*y + 64, -2*c = -5*y + 94. Suppose -68 + y = -5*z. Calculate the remainder when 18 is divided by z.
8
Suppose 3 = 2*s + 11. Let x = s - -4. Suppose x*u + u = 16. What is the remainder when u is divided by 6?
4
Suppose 61 = -4*w - 19. Let c be ((-3)/(-4))/((-1)/w). Suppose 0 = -5*a - 2*n + 27, -2*a + 2*n - 7 + c = 0. Calculate the remainder when 7 is divided by a.
2
Let d be 5 + 0*(-1)/3. Suppose -3*l + 14 = -d*h - 23, 0 = 5*l - h - 91. Calculate the remainder when l is divided by 7.
5
Suppose 5*r - 11*r = -102. What is the remainder when 30 is divided by r?
13
Let a = -25 + 27. Suppose -44 = -4*w - a*k, -w + 2*k + 1 = -0. Calculate the remainder when 44 is divided by w.
8
Let d be (-1)/((-1)/(-5 + -1)). Calculate the remainder when (-10)/(-1) - (4 + d) is divided by 7.
5
Let h(l) be the third derivative of l**4/12 + 2*l**3/3 + 3*l**2. What is the remainder when 40 is divided by h(5)?
12
Suppose -5*j - 5*i - 20 = 0, -2*j + i = 2*j + 16. Let y(b) = b**2 - 5*b + 2. What is the remainder when y(j) is divided by 14?
10
Let h(f) be the third derivative of -f**5/60 + 5*f**4/12 - 3*f**3/2 - 3*f**2. What is the remainder when h(6) is divided by 6?
3
Let n(i) = i**3 - 10*i**2 + 13*i + 2. What is the remainder when n(9) is divided by 13?
12
Suppose -3*h + 42 = -0. What is the remainder when h is divided by 8?
6
Suppose 3*s - 201 = 3*o, 2*s + 5*o - 114 = 3*o. What is the remainder when s is divided by 21?
20
Suppose 3*f + 194 = 5*j - 156, -2*j + 119 = 3*f. Suppose -5*r = 25, -2*g - r = 2*g - 63. Calculate the remainder when j is divided by g.
16
Let q(u) = -7*u + 14. Let x(v) = 8*v - 15. Let c(r) = -5*q(r) - 4*x(r). Calculate the remainder when 12 is divided by c(6).
4
Suppose b + 41 = 3*v, -4*v + 0*b + 48 = -3*b. Let z(f) = -28*f. Calculate the remainder when z(-1) is divided by v.
13
Let d = -4 - 9. Let m = d + 30. What is the remainder when 50 is divided by m?
16
Let m be (-2)/(-10) - (-408)/(-15). Let k be ((-4)/(-6))/((-6)/m). Suppose -q + 10 = -k. Calculate the remainder when 23 is divided by q.
10
Suppose -55 + 15 = -2*h + 4*t, 2*h - 38 = 3*t. Calculate the remainder when 30 is divided by h.
14
Let a = 126 - 22. What is the remainder when a is divided by 35?
34
Suppose 3*z + 5*f = 30, z + 4*z - 3*f - 16 = 0. Calculate the remainder when 7 is divided by z.
2
Let u(s) be the second derivative of -3*s - 5/2*s**2 + 0 + 1/6*s**4 - 2/3*s**3. Calculate the remainder when u(-4) is divided by 15.
13
Suppose -5*g + 70 = -2*l, 0 = g - 3*g + l + 29. Calculate the remainder when 33 is divided by g.
9
Let w be (-610)/6 + (-1)/3. Let l be (w/(-9))/((-6)/(-9)). Let q = l + -2. Calculate the remainder when 44 is divided by q.
14
Let g(w) = -w**2 - 10*w - 11. Let c be g(-8). Suppose c*b + 12 = 6*b. Calculate the remainder when 35 is divided by b.
11
Let g(u) = u**3 + 9*u**2 - 11*u + 2. Let z be g(-10). Let p = 26 + z. What is the remainder when p is divided by 13?
12
Let x(q) = q**3 - 5*q**2 + 4*q - 7. Suppose 0 = -0*j - j - 6. Let d be ((-4)/j)/(2/15). What is the remainder when x(d) is divided by 8?
5
Let t(u) = -u**3 + 4*u**2 + 7*u - 6. Let q be t(6). Let o = 92 + q. Let h(m) = m**3 + 7*m**2 - 2*m + 5. Calculate the remainder when o is divided by h(-7).
18
Let u(z) = z - 3. Let h = 48 + -28. Calculate the remainder when h is divided by u(10).
6
Let a(j) = -j + 8. What is the remainder when 23 is divided by a(0)?
7
Let n(v) = v**3 - 5*v**2 + 7*v - 6. Let z be (2 - 3 - -2) + 9. Let g = z + -6. Calculate the remainder when 9 is divided by n(g).
3
Suppose -3*t - g - 5 = -5*t, -t - 3*g + 6 = 0. Calculate the remainder when 5 is divided by t/(-4)*(2 - 6).
2
Let x = 7 - 13. Calculate the remainder when 18/(-27) - 28/x is divided by 2.
0
Let t = 2 - -21. Let c(n) = 3*n**2 - 1. Let u be c(1). Suppose -2*h + u = -14. What is the remainder when t is divided by h?
7
Let f = -15 + 19. What is the remainder when 6 is divided by f/((3 + -6)/(-3))?
2
Suppose h = 2*h. Suppose h = -4*d - 4*m + 196, 93 = 2*d + m - 0*m. Calculate the remainder when d is divided by 9.
8
Suppose -n + 1 + 1 = 0, -p - n = -7. Suppose p*a - 2*a = 63. What is the remainder when 41 is divided by a?
20
Let a = -19 + 44. What is the remainder when 3/(9/(-219))*-1 is divided by a?
23
Let b = -13 - -23. Calculate the remainder when 39 is divided by b.
9
Let p(x) = -13*x - 11. Calculate the remainder when 73 is divided by p(-2).
13
Let i be 0/2 - -1*21. Let m = -13 + i. Let u = 8 - 5. Calculate the remainder when m is divided by u.
2
Let c = -6 - -9. Suppose -2*g + 13 = c*g + 3*o, 0 = -3*g + 4*o + 31. What is the remainder when 14 is divided by g?
4
Suppose -5*n - v - 3 + 27 = 0, 2*v - 8 = -2*n. Suppose -3*x + 71 = -g, n = 5*g - 0. Calculate the remainder when 70 is divided by x.
22
Let y = -94 + 101. What is the remainder when 46 is divided by y?
4
Let r(h) = -h - 13. Let y be r(-13). Let i(v) = 5 - v + y*v + 20. Calculate the remainder when i(0) is divided by 13.
12
Suppose 4*q - 45 - 63 = 0. What is the remainder when 105 is divided by q?
24
Suppose 0 = i + 4*i - 100. Calculate the remainder when 39 is divided by i.
19
Let y(z) = -4*z - 27. Let v = -33 - -47. What is the remainder when y(-13) is divided by v?
11
Let d(c) be the third derivative of c**4/12 + 8*c**3/3 + 2*c**2. What is the remainder when 45 is divided by d(0)?
13
Suppose 240 = 5*v - 5*o, 5*v - o - 249 = o. What is the remainder when v is divided by 18?
15
Let h(f) = 4*f**2 + f - 2. Let b be 2/(-1) + 18 + 4. Suppose -42 = -2*x + b. What is the remainder when x is divided by h(2)?
15
Let y(i) = -10*i**3 - 2*i**2 - 3*i - 2. What is the remainder when 34 is divided by y(-1)?
7
Suppose 0 = -3*t + 8 + 13. Suppose 0 = -2*c + t*c - 35. What is the remainder when 920/48 + (-2)/12 is divided by c?
5
Suppose 0 = 5*d + 25, -4*f = -5*d - 41 + 12. Calculate the remainder when 1 is divided by f.
0
Suppose 5*k - 438 = 3*a - 0*a, -175 = -2*k + a. Calculate the remainder when k is divided by 10.
7
Let q(f) = 3*f**2 - 28. Calculate the remainder when q(-6) is divided by 21.
17
Let r = -137 - -339. Calculate the remainder when r is divided by 41.
38
Suppose 0 = -2*j - 1 + 7. Suppose j = -v + 2. Calculate the remainder when v/2 - 55/(-10) is divided by 3.
2
Suppose -8*f + 138 = -2*f. Let y = -18 + f. Suppose 2*q + 4*u = 8, 2*q + 3*q = -4*u + 20. What is the remainder when y is divided by q?
1
What is the remainder when 37 is divided by (-146)/(-14) - 9/21?
7
Let v = 9 + -5. Let z(u) = 9*u**2 - 16*u - 3. Let i(n) = -4*n**2 + 8*n + 1. Let m(r) = 7*i(r) + 3*z(r). What is the remainder when 41 is divided by m(v)?
13
Suppose -11 = -2*f - 1. Suppose -7 = -2*d + c, 4*d + 0*c - f*c - 17 = 0. Suppose 0 = 3*u + 1 - 25. Calculate the remainder when u is divided by d.
2
Let a = -18 + 21. Calculate the remainder when a is divided by 3.
0
Let n(x) = x**2 - x - 5. Suppose 0 = 4*t - 8, -3*d + 5*t = -6*d - 251. Calculate the remainder when (d/12)/(2/(-8)) is divided by n(5).
14
Calculate the remainder when (2/5)/(2/190) is divided by 20.
18
Let b = 138 - 97. Let o(c) = -c. Let y(l) = -26*l. Let a(g) = 12*o(g) - y(g). Calculate the remainder when b is divided by a(1).
13
Let h = -80 - -129. Calculate the remainder when h is divided by 3/(-6)*(-34 + 0).
15
Let c(t) = t - 1. Let j be c(2). What is the remainder when 1*j/(-1)*-38 is divided by 13?
12
Let m(j) = -5*j - 2. Suppose 4*r + w + 4 = 2*w, 0 = r - w - 2. Calculate the remainder when m(r) is divided by (2 - (-2 + 9))*-1.
3
Let k = -30 - -69. Calculate the remainder when 76 is divided by k.
37
Supp